3470. What is p(24)?
-266
Let c(y) = y**2 - 9747*y + 165413. Give c(17).
3
Let c(d) = -d**3 + 283*d**2 - 13563*d + 4643. Determine c(222).
-19
Let r(i) = -36301*i + 726020. What is r(20)?
0
Let t(d) = -d**3 + 3*d**2 - 24*d - 23. Give t(-7).
635
Let w(h) = h**3 + 586*h**2 + 581*h - 2326. Determine w(-585).
14
Let p(q) = q**3 + 690*q**2 + 19197*q + 18590. Determine p(-661).
82
Let d(m) = m**3 + 4*m**2 - 2202*m - 6644. Give d(-3).
-29
Let z(n) = 41747*n - 1001929. Calculate z(24).
-1
Let y(t) = 7*t**2 - 12*t + 39. Give y(0).
39
Let h(m) = -m**3 - 85*m**2 + 1730*m + 10413. Determine h(21).
-3
Let t(a) = -2*a**2 - 225*a + 208. Calculate t(0).
208
Let x(b) = 3*b**3 - 83*b**2 + 77*b + 124. Determine x(27).
745
Let l(t) = -18171*t + 963104. Calculate l(53).
41
Let b(h) = 11*h**2 + 653*h + 8942. Give b(-22).
-100
Let h(v) = 13748*v + 824727. Calculate h(-60).
-153
Let q(k) = -k**3 - 198*k**2 - 679*k + 55182. Determine q(-193).
-16
Let i(n) = 300*n - 2992. Calculate i(14).
1208
Let l(p) = -21*p**2 - 609*p + 502. What is l(-28)?
1090
Let p(a) = -20*a**2 - 160*a - 131. What is p(-1)?
9
Let q(c) = -93*c - 12839. Determine q(-125).
-1214
Let w(n) = 6561*n**2 + 14165199*n + 3. Give w(-2159).
3
Let z(g) = -2*g**3 - 80*g**2 + 1470*g + 56916. What is z(-41)?
8
Let j(w) = 205*w**2 - 166*w + 753. Determine j(5).
5048
Let s(g) = 5*g**3 + 365*g**2 + 270*g - 6506. Determine s(-72).
-26
Let l(c) = 13482*c - 377535. Calculate l(28).
-39
Let m(b) = 7*b**3 - 179*b**2 - 85*b + 292. What is m(26)?
110
Let u(x) = x**3 - 4*x**2 - 2695*x + 10786. Determine u(4).
6
Let d(c) = -c**3 - 238*c**2 - 9801*c + 763. Determine d(-185).
23
Let y(l) = 2145*l + 536157. Determine y(-250).
-93
Let y(i) = -i**3 - i**2 + 406*i - 3013. What is y(11)?
1
Let p(d) = -166563*d + 832819. Calculate p(5).
4
Let t(j) = 5*j**2 + 125*j + 835. What is t(-23)?
605
Let l(x) = 18454*x + 664361. Calculate l(-36).
17
Let v(b) = 3*b**3 + 415*b**2 + 194*b + 8003. What is v(-138)?
275
Let p(t) = -143*t**2 + 116*t + 117. Give p(-1).
-142
Let u(v) = 2*v**2 - 107*v + 1314. Give u(21).
-51
Let z(j) = -j**3 + 45*j**2 - 485*j + 51. Determine z(19).
222
Let a(w) = w**3 - 936*w**2 - 62944*w - 435. Give a(-63).
6
Let c(w) = 109123*w**2 - 327358*w - 7. Give c(3).
26
Let g(s) = -6*s**2 - 309*s - 1061. Calculate g(-48).
-53
Let n(a) = -5*a**3 + 2*a**2 - 4718*a + 4715. Determine n(1).
-6
Let t(f) = -411*f - 1529. Give t(4).
-3173
Let u(o) = 9*o**2 + 157*o + 370. What is u(-3)?
-20
Let w(a) = a**2 + 361*a + 9324. What is w(-333)?
0
Let y(l) = 3*l**2 + 17154*l - 223519. Determine y(13).
-10
Let i(q) = q**3 + 282*q**2 + 15*q - 74747. Determine i(-281).
-1
Let x(v) = -4*v**2 - 378*v + 300769. Give x(231).
7
Let t(d) = -8056*d + 88646. Determine t(11).
30
Let m(h) = 4*h**3 + 87*h**2 + 409*h + 30. Determine m(-7).
58
Let h(c) = -9*c**3 - 49*c**2 - 15*c + 18. Give h(-5).
-7
Let g(r) = -r**3 + 14*r**2 + 152*r - 2184. Determine g(13).
-39
Let q(a) = -175*a**2 + 10266*a - 20528. Calculate q(2).
-696
Let d(y) = 25*y + 1604. Calculate d(-88).
-596
Let y(b) = -30*b**3 + 2*b**2 - 2378*b - 9502. Give y(-4).
1962
Let t(k) = -343*k**2 + 452418*k - 1333. What is t(1319)?
-14
Let a(w) = 6*w**3 - 430*w**2 + 2947*w - 186. Determine a(64).
6
Let r(o) = 197*o + 196. Give r(-2).
-198
Let g(c) = -647*c - 11780. Calculate g(-18).
-134
Let h(a) = -3*a**3 - 3*a**2 - 228*a + 1023. Give h(4).
-129
Let c(a) = 2298*a + 13842. What is c(-6)?
54
Let n(k) = -k**3 - 485*k**2 + 222631*k - 2005. Calculate n(288).
11
Let b(h) = -h**2 + 17019*h - 390911. Determine b(23).
-3
Let v(i) = -5*i**3 - 24*i**2 - 55*i - 202. Determine v(-4).
-46
Let g(z) = -193*z**3 - 140*z**2 - 116*z + 24. Calculate g(-1).
193
Let x(c) = 15*c**2 - 265*c - 3947. Determine x(27).
-167
Let l(d) = -82*d**2 - 350*d - 53. Calculate l(-6).
-905
Let h(r) = r**3 - 120*r**2 + 2*r - 1661. Determine h(0).
-1661
Let k(i) = -15603*i - 202565. Give k(-13).
274
Let b(l) = -25058*l + 50114. Give b(2).
-2
Let x(m) = -2465*m - 157862. What is x(-64)?
-102
Let d(k) = -68*k + 11624. Give d(171).
-4
Let m(z) = 545*z - 3317. Determine m(6).
-47
Let b(z) = -z**2 + 354*z - 14955. What is b(305)?
-10
Let m(q) = -q**2 - 14490*q - 289472. What is m(-20)?
-72
Let h(i) = 187*i**3 - 12*i**2 + 14*i - 7. Calculate h(-3).
-5206
Let y(f) = 7149*f - 179167. Determine y(25).
-442
Let d(i) = -47062*i + 37. What is d(0)?
37
Let x(n) = -5471*n + 27540. What is x(5)?
185
Let a(w) = 10*w**2 - 34*w - 16970. Give a(-39).
-434
Let j(i) = -155*i**2 - 15426*i + 7411. What is j(-100)?
11
Let r(i) = -67814*i - 203370. What is r(-3)?
72
Let h(j) = 3226*j - 122599. Give h(38).
-11
Let s(l) = 2638*l - 31524. Give s(12).
132
Let p(a) = -590*a - 10296. Determine p(-17).
-266
Let y(k) = -288*k - 32843. Determine y(-114).
-11
Let t(m) = 25264*m - 2223199. Calculate t(88).
33
Let p(d) = -3071*d + 2118871. Determine p(690).
-119
Let g(i) = -2165*i + 61481. What is g(28)?
861
Let w(k) = 2*k**2 + 72*k - 328. Calculate w(-35).
-398
Let h(v) = 5*v**3 + 436*v**2 + 9416*v - 2757. Determine h(-46).
3
Let j(l) = -14*l**2 + 3689*l - 2654. What is j(263)?
-813
Let o(v) = -23*v - 235. Give o(-4).
-143
Let y(u) = -u**2 - 250953*u - 7025899. What is y(-28)?
1
Let o(d) = 3*d**2 + 7716*d - 46408. What is o(6)?
-4
Let f(z) = 10*z**3 - 70*z**2 - 132*z + 10. Calculate f(-2).
-86
Let l(u) = -8*u**2 - 6465*u + 201163. What is l(30)?
13
Let n(l) = -3*l**2 - 607*l + 6146. Calculate n(-212).
-2
Let a(t) = -6*t**2 - 137*t + 3179. Give a(-37).
34
Let u(s) = s**3 - 154*s**2 - 4073*s + 281. Calculate u(177).
-73
Let y(a) = 842*a + 8444. Give y(-10).
24
Let s(b) = 4560*b + 109385. What is s(-24)?
-55
Let j(q) = -25*q**3 + 53*q**2 - 198*q + 563. Give j(3).
-229
Let w(h) = -92668*h - 463391. Give w(-5).
-51
Let s(p) = -753*p - 304061. Give s(-405).
904
Let h(f) = f**3 + 7*f**2 - 299*f + 618. Give h(2).
56
Let q(o) = -2418*o**2 + 4761*o + 45. Give q(2).
-105
Let r(n) = n**3 - 14*n**2 - 64*n + 141. Give r(16).
-371
Let h(b) = -26214*b - 131102. What is h(-5)?
-32
Let p(o) = -334*o**2 + 841*o - 841. What is p(1)?
-334
Let x(i) = -4*i**2 - 11485*i - 34408. Give x(-3).
11
Let h(y) = -y**3 - 258*y**2 - 1025*y - 55. Give h(-4).
-19
Let r(z) = 7518*z - 15828. What is r(2)?
-792
Let b(d) = -d**3 - 128*d**2 - 134*d - 1455. Determine b(-127).
-566
Let f(c) = -342*c**3 - 18*c**2 - c + 1. Calculate f(-2).
2667
Let o(c) = -19734*c + 276322. Calculate o(14).
46
Let u(g) = 21*g**2 - 1565*g - 167. Determine u(74).
-981
Let h(i) = -6*i**3 - 894*i**2 - 98*i - 14520. Calculate h(-149).
82
Let m(t) = t**2 - 2376*t + 393294. Calculate m(179).
31
Let o(y) = 97*y - 13199. Determine o(117).
-1850
Let q(j) = 3*j**3 - 6*j**2 - 10*j + 64. Determine q(4).
120
Let p(h) = 377*h**2 + 52484*h + 11262. Calculate p(-139).
3
Let j(r) = -r**3 + 12*r**2 + 1706*r - 24986. Calculate j(15).
-71
Let a(w) = 2*w**3 + 74*w**2 - 1679*w - 31. Determine a(-53).
-932
Let l(s) = -s**2 + 133*s - 647. Calculate l(5).
-7
Let v(w) = 40*w**2 + 18*w - 87. Calculate v(5).
1003
Let j(p) = -5*p**2 - 52*p - 230. Determine j(-6).
-98
Let c(p) = 348310*p - 2786417. Determine c(8).
63
Let f(v) = -3*v**3 + 89*v**2 - 166*v + 235. Give f(28).
-493
Let b(a) = 182*a**2 + 47866*a - 9. Calculate b(-263).
-9
Let b(m) = -2*m**2 + 1656*m - 4919. Give b(3).
31
Let c(p) = -105*p**2 + 95*p + 316. Determine c(-4).
-1744
Let t(a) = -603*a**2 - 10*a + 16. Calculate t(-1).
-577
Let u(m) = -303*m + 1067. Give u(-2).
1673
Let j(w) = -w**3 - 3*w**2 - 18116*w - 330938. Determine j(-18).
10
Let h(u) = 2664*u - 15999. Give h(6).
-15
Let v(r) = r**3 + 14*r**2 + 285*r + 7186. What is v(-19)?
-34
Let u(p) = 370*p**2 + 550*p - 6. Calculate u(-3).
1674
Let a(z) = z**3 - 57*z**2 - 314*z - 19. Give a(-5).
1
Let o(b) = -288*b + 37814. Give o(131).
86
Let o(h) = h**3 + 197*h**2 - 1440*h - 2239. Determine o(-204).
209
Let q(t) = 185*t + 7971. Determine q(-43).
16
Let z(s) = 11612*s - 20385. What is z(2)?
2839
Let v(b) = b**2 + 426777*b + 2133854. Give v(-5).
-6
Let f(d) = 53*d + 4429. What is f(-84)?
-23
Let s(w) = 13*w**2 - 4703*w - 43409. What is s(-9)?
-29
Let p(x) = 2829*x + 288235. Give p(-102).
-323
Let d(q) = -10*q**2 + 392*q + 5397. Calculate d(50).
-3
Let z(m) = -2*m**3 + 100*m**2 - 101*m + 16073. Calculate z(52).
5
Let k(y) = -2*y**3 + 297*y**2 + 145*y 